se -5*t + 4*c = 10, 4*t - c + 2*c - 13 = 0. Let q(a) be the third derivative of -a**6/120 + a**5/30 + a**4/24 - a**3/6 - 477*a**2. Calculate q(t).
1
Let t(i) be the second derivative of i**5/20 - 7*i**4/12 - 3*i**3/2 + 2*i**2 + 102*i. Calculate t(8).
-4
Let i(g) = 3*g + 9. Let x = -4 + -52. Let r = -62 - x. What is i(r)?
-9
Let r(d) = 3*d - 12. Let s be r(5). Let h(p) = p**s - 8*p**2 + 9*p**2 + 3 - 2*p - 7*p**2. Give h(6).
-9
Let r(u) = -3*u - 8. Let f = -11 + 7. Let b(k) be the second derivative of 5*k**3/6 + 15*k**2/2 + 7*k. Let o(p) = f*b(p) - 7*r(p). Determine o(4).
0
Let a(v) = -2*v - 10. Let g be a(-6). Suppose -y = g*y - 6. Let d(f) = -f**2 + 3*f**2 + 6*f + 8 - 4*f**y + 3*f**2. Give d(-6).
8
Let o(r) = -2*r**3 - 3*r**2 - r - 1. Suppose 4*s + 28 = 4*c, -5*s - 11 = c + 2*c. Let a = c + 4. Suppose -2*x + 5*g = -a*x - 25, 5*g + 11 = 2*x. Calculate o(x).
5
Let c(h) = -h**3 - 10*h**2 + 3. Let m be c(-10). Let b be (2/3)/(m/9). Let q(t) = -2*t**2 + 5*t - 6 + 3*t**b + 0. Determine q(-5).
-6
Let c(j) = -1 - 5*j**2 + 109*j - 88*j + 16*j**2 + j**3. Give c(-9).
-28
Let h(r) = 3*r**3 - 5*r**2 - 5*r - 18. Let f = 40 + -20. Let a = 18 - f. Let p(z) = -z**3 + 2*z**2 + 2*z + 9. Let c(y) = a*h(y) - 5*p(y). Give c(0).
-9
Let j(k) be the second derivative of -k**5/20 - 7*k**4/12 + k**3 - 4*k**2 - 257*k. Let i = -16 - -8. Calculate j(i).
8
Let x(d) be the first derivative of -d**4/4 - 5*d**3 - 25*d**2/2 + 14*d - 307. Calculate x(-13).
1
Let t(q) = -2*q**2 - 2*q - 7. Let y = -595 + 590. Determine t(y).
-47
Let l(x) = x**2 - 13*x - 10. Suppose -5*o - 22 = -3*a, 4*a - 260*o - 76 = -265*o. Determine l(a).
4
Suppose -4*y + 2*k - 32 = 0, 3*y - 144*k + 27 = -141*k. Let i(r) = r**3 + 7*r**2 + 2*r + 4. Determine i(y).
-10
Let k be 13 + (4 - 1 - 6). Suppose 2*z = -2*f, f + f = -4*z + k. Let y(m) = 5*m + 5. Calculate y(f).
-20
Let i(u) = -4 - 4 - u - 3 + 1 + 14. Determine i(-6).
10
Let d(y) = -4*y - 7. Let u(m) be the first derivative of m**2/2 - 4. Let v(n) = d(n) + 3*u(n). Let a be (-2*1)/2 - 156/39. Give v(a).
-2
Let n = 66 + -61. Let c(d) = -n + 20 - d - 3 - 9. Determine c(-5).
8
Let s(j) = j**3 - 6*j**2 - 2*j + 2. Let k be (-4 - -1)*(-770)/6. Let x be k/66 - 2/(-12). Suppose 2*a + x + 6 = 3*m, -m + 2*a = 0. Determine s(m).
-10
Suppose -9 - 5 = -q. Let r(i) = 4*i. Let t(b) = 12*b. Let x(p) = q*r(p) - 5*t(p). Give x(-1).
4
Let g(m) = -2 + 2*m + 3 + 0*m. Let s = -8 - -7. What is g(s)?
-1
Let q(f) = -4*f**3 + 3*f**2 + f - 2. Let r(t) = t**3 - 4*t**2 - 19*t + 44. Let s be r(6). What is q(s)?
-20
Let k be (3 - (2 + 0)) + -6 + 0. Let i(d) = -d**3 - 4*d**2 + 6*d + 10. Calculate i(k).
5
Let c be 4/(-14) + 27/21. Let x be -7 + 10 + 1*-1. Let l(z) = -5*z + 0*z + 2*z**x - 1 + 6*z. Give l(c).
2
Let p(h) = 3*h**2 - 6*h**2 + 19*h - 22*h + 0 - 4 + h**3. Let u(s) = -5*s + 1. Let y be u(1). Let f be 1 - -1 - (-6 - y). Give p(f).
0
Let l(h) = -10*h - 2*h - 9 + 2*h - 2*h**2 + h**2. Let j(i) = 4*i + 24. Let x be j(-8). What is l(x)?
7
Let o(q) = -3*q + 2*q + 2*q. Let v be o(5). Let n(t) = t**2 - 5*t. Calculate n(v).
0
Let v be 0/(-1 + 0/(-2)). Let w(z) be the third derivative of -z**4/24 + 5*z**3/3 - 116*z**2. Calculate w(v).
10
Let g(j) be the second derivative of j**4/12 - 7*j**3/6 + 5*j**2/2 - 3*j. Let f = -17 + 34. Let s = f + -11. Give g(s).
-1
Let b(f) = -f**3 + 6*f**2 + 3. Let i be b(6). Suppose 0 = -2*m - 0 + 6. Let y(s) = 2 - 3*s**2 + s**2 + m*s + 3*s**2 - s**3. Calculate y(i).
-7
Let c(j) = 73 + 80 + 72 - 2*j + 72 - 313. Calculate c(-4).
-8
Let w(h) be the first derivative of h**3/3 + 3*h**2/2 + 3*h - 28. Let f(n) = 2*n**2 + 7*n + 7. Let a(p) = -3*f(p) + 5*w(p). Calculate a(-6).
-6
Let g(q) = -4*q - 8. Let r(m) = -m + 26. Let v be 2/((-3)/63*-3). Let b be r(v). Suppose 0 = 4*c + 4*z + b, 3*z - 33 = 5*c - c. Give g(c).
16
Let z = -140 + 149. Let o(w) = -z*w - 11*w + 26*w. Suppose 3*k + 2 - 5 = 0. Give o(k).
6
Let s be -1 + 2 + (-1 - 1). Let v(i) = i. Let m(c) be the first derivative of c**2 - 2*c - 7. Let l(k) = s*m(k) + v(k). Calculate l(2).
0
Suppose 5*f + 6 = -2*x, 4*f - 3*x + 10 = 2*f. Let s be f/(2 + 20/(-8)). Let o(b) = -b**2 + 2*b + 3. Give o(s).
-5
Suppose 2*g - 5 = 3*g + 4*a, -g + 5*a = -13. Suppose -g*l = -l + 8. Let d(t) = -3*t - 4. Determine d(l).
8
Let i be (-9)/21 - 34/(-14). Suppose i*c + 2 + 4 = 0. Let p(j) = -j + 2. What is p(c)?
5
Let m(p) = -2*p - 8. Suppose -8*w - 30 = 42. Determine m(w).
10
Let l(n) be the third derivative of -n**5/60 - n**4/12 + n**3/3 + 37*n**2 + n. Calculate l(-5).
-13
Let g(j) be the second derivative of j**3/2 + j**2/2 - 743*j - 2. Suppose 3*c - 2 = 3*y + 1, 3*c = -5*y + 3. Give g(c).
4
Let l(z) be the third derivative of -z**7/840 + z**6/180 - z**5/120 + z**4/24 - 23*z**3/6 - 15*z**2. Let m(h) be the first derivative of l(h). Determine m(2).
-1
Let a(u) = -u**3 + 3*u**2 + 2*u. Let k(w) = w + 2. Let i be k(1). Let q be 7/(-3)*(-3 - i). Let c = q - 11. Give a(c).
6
Let q = -374 + 374. Let d(w) = -2*w - 3. Determine d(q).
-3
Let d = 767/2 + -383. Let g(l) be the second derivative of 0 - 1/12*l**4 + 5/6*l**3 + 2*l + d*l**2. Give g(5).
1
Suppose 60 - 62 = 2*f - 5*x, -5*f - 5*x = -30. Let h(t) be the first derivative of -t**2/2 + 4*t - 1. Calculate h(f).
0
Let o be 20/8*(7 + (-117)/15). Let w(q) = 13*q + 6. Determine w(o).
-20
Let h = 8 - 4. Let j(f) = -28*f**3 - 1 + 27*f**3 + h*f + 4*f**2 + 3. Suppose -12 = -4*y + 8. Calculate j(y).
-3
Suppose -3*u - u = 4*w - 4, -2*u - 14 = -2*w. Let n(p) = -1 - w + 7*p + 4*p + 4. Give n(1).
10
Let r(p) = p**2 - 4*p - 42. Let x be r(9). Let a(i) = i + 4. Let k(h) = -4*h - 17. Let t(d) = 26*a(d) + 6*k(d). What is t(x)?
8
Let l(h) = -22*h**2 - 2*h - 1. Suppose 0 = 4*o - 4*d + 24, -2*d = -4*o - 18 + 4. What is l(o)?
-21
Let i be 4/(-22) + 10/55. Let j(n) = n + i + 0*n - 2. What is j(-4)?
-6
Suppose 2*a = 3*a - 4. Suppose 2*c - 5*x = 2602, 2*c - x = 4*c - 2602. Let i(y) = -4*y + 1305 - c + 3*y + 2*y. Give i(a).
8
Let a be (-4 + 21/9)*-3. Let i(c) be the second derivative of -c**3/6 - 7*c**2/2 + 7*c. What is i(a)?
-12
Let x(v) = -12*v + 45. Let w(i) = -6*i + 21. Let n(h) = -13*w(h) + 6*x(h). Calculate n(-5).
-33
Let y(o) = -o + 1. Suppose 66 = -2*n - 4*n. Let b(j) = -j**2 - 10*j + 15. Let m be b(n). What is y(m)?
-3
Let d = 43 + -38. Suppose -10 = d*i + 15. Let g(f) = -f**2 - 2*f - 2. Determine g(i).
-17
Let g(m) = 5*m**3 - 17*m - 4*m + 21*m. Calculate g(1).
5
Suppose 3*j + 3*j - 18 = 0. Suppose j*i - 2*h = -h + 1, 14 = 4*i + 5*h. Let z(x) = -6*x + 1. Calculate z(i).
-5
Let i(s) = -s**3 + 9*s**2 - 9*s + 5. Let a(r) = -2*r + 5. Let w be a(4). Let b be 4/(8 + w + 1)*12. Determine i(b).
-3
Let x(b) = -10*b**3 + 44*b**3 - 1 - 17*b**3 - 14*b**3 - 2*b**2. Suppose -g - 2 = -4. Suppose 10 = -g*c + 7*c. Determine x(c).
15
Suppose 2*a - 3*d + 18 = d, 23 = -3*a + 5*d. Let s(w) be the first derivative of -w**3/3 - w**2/2 - w + 46. Determine s(a).
-1
Let t(z) = -14*z**3 - 25*z**2 - z + 1. Let o be t(-2). Let k(b) = b**2 - 17*b + 22. What is k(o)?
-8
Let h be -4 - 34*2/(-4)*2. Let d = -34 + h. Let s(c) = -c**3 - 5*c**2 - 6*c. Calculate s(d).
8
Let j(t) = -29 + 69 - 23 - 19 - t**2. Suppose 0*m = -2*m. Give j(m).
-2
Let g(x) be the second derivative of 1/2*x**2 + 5/6*x**3 + 0 - 1/12*x**4 + 35*x. Calculate g(4).
5
Let r(u) = 15605 - 15605 - 6*u. Give r(1).
-6
Let o = 5 - 0. Let d(t) = -170*t - 3 + 58*t - 3 + 57*t + 54*t. Give d(o).
-11
Let a(v) = 5*v**3 + 1. Let z be (0/(-3))/(-7 - -6). Suppose -4*g + 9*g = -3*u + 13, 3*g - 2 = 4*u. Suppose -g*i - 3*c + 0*c = 5, z = -3*i + 3*c. What is a(i)?
-4
Let t(y) = y**2 + 17*y + 17. Let v be t(-16). Let l(q) = 5*q**3 + 250*q + 0*q**3 + q**3 - 249*q. Give l(v).
7
Let q(f) = 113707*f - 6 - 113711*f + 3. Let u = -15 - -13. Give q(u).
5
Let t(u) = -3*u + 24. Let k be t(6). Let r(b) = b - 25 - b + 23 + k*b. Determine r(2).
10
Let f(y) = y - 1. Let z be -1 + (-2)/((-8)/28). Suppose z = 2*a + 2, 5*c + 4*a - 18 = 0. Suppose -c = -4*t - 22. Determine f(t).
-6
Let z(a) = a**2 + a + 1. Let s be z(-1). Let t(r) = 12*r**2 - 14*r - 11. Let h(b) = -4*b**2 + 5*b + 4. Let o(f) = 11*h(f) + 4*t(f). Calculate o(s).
3
Let w(d) = -10*d + 23. Let r(x) = 4*x - 8. Let m(z) = -8*r(z) - 3*w(z). Calculate m(6).
-17
Let i(l) = -l - l**3 + l**2 + 280 - 158 - 140. What is i(0)?
-18
Let h(a) = -a**3 - 5*a**2 -